te the greatest common divisor of 930 and 15570.
30
What is the highest common divisor of 1180151 and 371?
371
Calculate the highest common divisor of 39574 and 9494.
94
What is the greatest common divisor of 528 and 19048?
8
What is the highest common divisor of 35 and 174440?
35
Calculate the greatest common factor of 42 and 541464.
42
Calculate the highest common factor of 48 and 9062304.
48
Calculate the highest common factor of 1691748 and 54.
18
Calculate the greatest common factor of 268 and 506587.
67
What is the greatest common divisor of 12789 and 2?
1
What is the highest common factor of 405 and 16119?
81
What is the highest common factor of 261945 and 20?
5
Calculate the highest common divisor of 15221 and 22413.
31
Calculate the highest common divisor of 61225 and 31.
31
What is the highest common divisor of 39 and 79729?
13
Calculate the highest common factor of 1220 and 2980.
20
What is the greatest common factor of 18245 and 41?
41
Calculate the greatest common divisor of 132 and 16332.
12
Calculate the highest common factor of 462 and 378.
42
What is the highest common divisor of 2034462 and 3798?
1266
What is the highest common divisor of 903 and 5838?
21
Calculate the highest common divisor of 76215 and 390.
15
What is the highest common factor of 268 and 105458?
134
What is the highest common factor of 7532 and 12950?
14
Calculate the greatest common factor of 203472 and 232.
8
What is the greatest common divisor of 44278 and 26?
26
Calculate the highest common factor of 464 and 62756.
116
What is the greatest common divisor of 525460 and 172?
172
Calculate the greatest common divisor of 98 and 13888.
14
Calculate the greatest common factor of 13 and 34229.
13
What is the greatest common divisor of 1099 and 1246?
7
What is the greatest common factor of 596 and 82397?
149
What is the highest common divisor of 2904 and 13046?
22
What is the greatest common divisor of 7497 and 663?
51
What is the highest common factor of 221 and 14820?
13
What is the highest common factor of 28 and 19784?
4
What is the highest common divisor of 261006 and 246?
246
Calculate the greatest common divisor of 68 and 157964.
68
What is the highest common factor of 2307830 and 80?
10
Calculate the highest common factor of 268 and 256.
4
Calculate the highest common factor of 103050 and 450.
450
What is the highest common factor of 10870 and 10?
10
What is the highest common factor of 47897 and 1135?
227
What is the greatest common divisor of 2816 and 77?
11
Calculate the highest common factor of 4825080 and 104.
104
Calculate the highest common factor of 4716 and 108.
36
Calculate the highest common divisor of 35 and 8995.
35
Calculate the greatest common factor of 2666 and 29412.
86
What is the highest common divisor of 50176 and 9457?
49
What is the highest common factor of 6746913 and 27?
9
What is the highest common divisor of 663 and 5015?
17
Calculate the highest common divisor of 36 and 85788.
36
Calculate the greatest common divisor of 20 and 23420.
20
What is the greatest common factor of 133 and 53637?
19
What is the greatest common factor of 1911790 and 185?
185
What is the highest common divisor of 2 and 347?
1
Calculate the greatest common divisor of 11 and 584287.
11
What is the greatest common divisor of 40 and 762260?
20
What is the highest common divisor of 104 and 420316?
52
What is the greatest common divisor of 189 and 8064?
63
What is the highest common divisor of 112 and 330800?
16
Calculate the highest common factor of 12446 and 294.
98
Calculate the highest common divisor of 51508 and 316.
316
What is the greatest common factor of 40504 and 8662?
122
What is the highest common factor of 61 and 5293763?
61
Calculate the greatest common divisor of 522 and 323350.
58
Calculate the highest common divisor of 1190 and 1802.
34
Calculate the greatest common divisor of 14530 and 950.
10
What is the highest common factor of 800 and 11630?
10
What is the highest common factor of 7885 and 74285?
415
What is the highest common factor of 918566 and 33?
11
What is the highest common factor of 169 and 100191?
13
Calculate the greatest common factor of 399234 and 276.
138
Calculate the highest common factor of 4214784 and 1764.
588
What is the greatest common divisor of 5104 and 737?
11
Calculate the highest common divisor of 4997 and 31445.
19
Calculate the greatest common divisor of 72 and 80532.
36
Calculate the greatest common divisor of 12 and 9732.
12
What is the highest common divisor of 4260 and 240?
60
What is the highest common divisor of 155 and 192107?
31
What is the greatest common divisor of 2065 and 3269?
7
Calculate the highest common divisor of 278 and 161101.
139
Calculate the greatest common factor of 11 and 4851.
11
Calculate the highest common divisor of 285169 and 310.
31
Calculate the highest common divisor of 3808 and 24514.
238
Calculate the highest common factor of 21858 and 108.
6
What is the greatest common factor of 595 and 1435?
35
What is the greatest common factor of 3156615 and 2310?
1155
Calculate the highest common divisor of 11 and 77627.
11
Calculate the highest common divisor of 686 and 10682.
98
Calculate the greatest common factor of 1120 and 126.
14
Calculate the greatest common factor of 1824 and 56335.
19
What is the greatest common divisor of 116726 and 5?
1
Calculate the greatest common divisor of 1575 and 35280.
315
Calculate the greatest common divisor of 285 and 58335.
15
What is the highest common factor of 888 and 53502?
222
What is the greatest common factor of 2240 and 5768?
56
Calculate the highest common factor of 1725 and 2355.
15
What is the highest common divisor of 220989 and 57?
57
What is the highest common factor of 15 and 7349115?
15
Calculate the greatest common factor of 654 and 130582.
218
What is the highest common divisor of 74736 and 24?
24
Calculate the greatest common divisor of 308049 and 609.
21
What is the highest common divisor of 507 and 40911?
39
Calculate the highest common factor of 2686770 and 270.
270
What is the greatest common divisor of 402 and 14338?
134
What is the highest common divisor of 9 and 844272?
9
Calculate the highest common divisor of 59755 and 68.
17
What is the greatest common factor of 1366960 and 560?
560
What is the highest common divisor of 47 and 138885?
47
What is the greatest common divisor of 10349 and 17617?
79
Calculate the greatest common factor of 350 and 267680.
70
What is the greatest common divisor of 115 and 193315?
115
What is the greatest common factor of 102 and 54944?
34
Calculate the greatest common factor of 34410 and 9435.
555
Calculate the greatest common divisor of 306 and 1268472.
102
What is the greatest common factor of 47 and 466992?
47
What is the highest common factor of 18416 and 19712?
16
Calculate the highest common factor of 133 and 29.
1
What is the greatest common factor of 55 and 176935?
55
What is the highest common factor of 1936 and 792?
88
What is the greatest common factor of 886424 and 616?
616
Calculate the highest common factor of 20268 and 16.
4
What is the highest common factor of 130 and 4805?
5
What is the greatest common factor of 2185 and 133?
19
What is the greatest common factor of 107896 and 8?
8
What is the greatest common factor of 507 and 119314?
169
Calculate the greatest common factor of 118839 and 399.
21
Calculate the greatest common factor of 11 and 14267.
11
What is the highest common factor of 34 and 230129?
17
What is the greatest common factor of 30 and 91185?
15
Calculate the greatest common factor of 7455232 and 512.
512
What is the greatest common divisor of 42 and 1135239?
21
Calculate the highest common divisor of 2303862 and 33.
33
Calculate the greatest common divisor of 32076 and 225.
9
Calculate the greatest common divisor of 148 and 30377.
37
Calculate the highest common factor of 470465 and 46.
23
What is the greatest common divisor of 2109 and 10101?
111
What is the greatest common factor of 1551 and 45966?
141
Calculate the greatest common factor of 13 and 467129.
13
Calculate the highest common factor of 38969 and 399.
133
Calculate the greatest common factor of 1296 and 11632.
16
What is the highest common factor of 839533 and 1975?
79
Calculate the highest com